of 590163651?
False
Is 15 a factor of 976959454?
False
Is 6 a factor of 861144?
True
Is 781 a factor of 1714663632?
True
Is 1294533000 a multiple of 1125?
True
Does 279 divide 1048865266?
False
Is 40 a factor of 12417157?
False
Is 2578065331 a multiple of 19?
True
Is 13 a factor of 222214647?
False
Is 3065210 a multiple of 10?
True
Is 12 a factor of 2254749924?
True
Is 493 a factor of 415987816?
False
Does 1550 divide 116563100?
True
Is 4097 a factor of 148493934?
False
Is 114059818 a multiple of 11?
False
Does 27 divide 155633336?
False
Is 308 a factor of 431297328?
True
Is 46523100 a multiple of 100?
True
Is 140 a factor of 170077484?
False
Does 14 divide 179372574?
False
Does 2575 divide 2252930290?
False
Does 46 divide 451860254?
True
Does 283 divide 33859276?
False
Is 888994344 a multiple of 42?
True
Does 13 divide 9843080?
True
Does 1475 divide 114852350?
True
Is 121 a factor of 51270505?
False
Does 4 divide 340802100?
True
Is 76 a factor of 1493519908?
False
Does 940 divide 1425979627?
False
Is 3166576677 a multiple of 9?
True
Is 12 a factor of 23840748?
True
Does 114 divide 23202420?
True
Is 29598247 a multiple of 853?
True
Is 112 a factor of 39752942?
False
Is 3 a factor of 17908766?
False
Is 81 a factor of 246459214?
False
Is 2 a factor of 18328282?
True
Is 7229012 a multiple of 4?
True
Does 46 divide 13550936?
False
Does 64 divide 379166272?
True
Is 3539 a factor of 107146621?
False
Is 1160764378 a multiple of 25?
False
Is 54940936 a multiple of 197?
True
Is 15 a factor of 185423890?
False
Is 304 a factor of 1362233424?
True
Does 86 divide 31780268?
True
Does 306 divide 236433042?
True
Is 54 a factor of 679263660?
False
Is 1916039301 a multiple of 3862?
False
Is 2983 a factor of 1280304468?
False
Is 357000330 a multiple of 30?
True
Is 627541122 a multiple of 806?
True
Is 3988 a factor of 94523576?
True
Is 7 a factor of 2094227961?
True
Is 218 a factor of 2380967071?
False
Is 457145896 a multiple of 19?
False
Is 167148154 a multiple of 1503?
False
Is 19 a factor of 257590085?
False
Is 63863586 a multiple of 310?
False
Does 67 divide 132820112?
False
Does 823 divide 47001530?
True
Is 107 a factor of 2035157869?
True
Is 634778284 a multiple of 28?
True
Is 27 a factor of 184126572?
False
Is 1155 a factor of 40375335?
True
Is 93793626 a multiple of 1863?
False
Is 3 a factor of 43232407?
False
Is 4 a factor of 160617252?
True
Does 186 divide 244463148?
True
Does 887 divide 291608075?
False
Does 79 divide 72778908?
True
Does 346 divide 200502214?
False
Is 8369 a factor of 1696237289?
True
Does 62 divide 6456034590?
False
Is 1175948000 a multiple of 38?
True
Does 169 divide 5013504314?
True
Is 2291 a factor of 3284934346?
False
Is 67830048 a multiple of 2574?
True
Is 150 a factor of 4393500?
True
Does 12 divide 494575165?
False
Does 101 divide 1913116139?
False
Does 100 divide 9178800?
True
Does 14 divide 661032433?
False
Is 1005 a factor of 344938550?
False
Does 28 divide 327972449?
False
Does 2747 divide 16223782?
True
Does 2664 divide 41299814?
False
Is 1277 a factor of 75250335?
False
Does 3444 divide 207759300?
True
Is 20322977 a multiple of 1269?
False
Does 1077 divide 301993818?
False
Is 81490224 a multiple of 12?
True
Is 1199 a factor of 164522751?
False
Does 89 divide 40933058?
True
Is 21461543 a multiple of 229?
False
Is 98 a factor of 88966850?
True
Is 24 a factor of 886728144?
True
Is 1604 a factor of 3666744?
True
Is 1197563965 a multiple of 16?
False
Is 10 a factor of 2760657900?
True
Does 523 divide 17265276?
True
Does 336 divide 38626136?
False
Does 1311 divide 6807210180?
True
Does 536 divide 8715360?
True
Is 527194791 a multiple of 27?
True
Does 18 divide 671734278?
True
Does 422 divide 82452245?
False
Is 67157625 a multiple of 1325?
True
Does 537 divide 27074253?
False
Does 159 divide 814617?
False
Is 43 a factor of 364690052?
True
Is 1703 a factor of 839412106?
True
Is 50 a factor of 15289599?
False
Is 68829327 a multiple of 21?
True
Does 158 divide 22484219?
False
Is 18 a factor of 11451186?
True
Is 2270 a factor of 85706120?
True
Does 1419 divide 140031177?
True
Is 40 a factor of 98051480?
True
Does 1619 divide 20418828?
True
Is 24 a factor of 4819108673?
False
Is 20461083 a multiple of 14?
False
Is 138806621 a multiple of 100?
False
Does 8 divide 328436655?
False
Is 770 a factor of 52087948?
False
Does 16 divide 15664370?
False
Does 89 divide 637019021?
False
Is 18 a factor of 22388166?
True
Is 324551555 a multiple of 11?
False
Is 542435260 a multiple of 1460?
True
Is 6975540 a multiple of 15?
True
Does 906 divide 3514723146?
False
Is 119074455 a multiple of 5535?
True
Does 9 divide 49447172?
False
Is 50193876 a multiple of 12?
True
Is 67 a factor of 8612465?
False
Is 714 a factor of 991352405?
False
Does 1153 divide 88549247?
True
Is 731847958 a multiple of 215?
False
Does 1134 divide 1957892831?
False
Is 135 a factor of 248112472?
False
Does 1921 divide 2533720239?
True
Does 7 divide 3521948?
False
Does 127 divide 41413684?
True
Does 173 divide 116090958?
True
Does 13788 divide 2943574304?
False
Does 143 divide 5005715?
True
Is 23356320 a multiple of 20?
True
Does 809 divide 87266830?
True
Is 58452951 a multiple of 155?
False
Is 33236761 a multiple of 189?
False
Is 15772786 a multiple of 9?
False
Is 32 a factor of 38151200?
True
Does 80 divide 1194759600?
True
Does 52 divide 162011096?
True
Is 2606 a factor of 170726878?
True
Is 3830079 a multiple of 24?
False
Is 145 a factor of 37114063?
False
Is 1044055389 a multiple of 1027?
True
Is 327962509 a multiple of 20?
False
Does 1388 divide 1169360852?
True
Does 4073 divide 815570938?
False
Does 4486 divide 657993022?
True
Is 2279922395 a multiple of 76?
False
Is 227 a factor of 123309805?
True
Does 19 divide 3440083?
True
Is 1436856 a multiple of 29?
False
Is 50342051 a multiple of 330?
False
Does 504 divide 429058224?
True
Is 492162912 a multiple of 1808?
True
Is 16930520 a multiple of 43?
False
Does 45 divide 597911?
False
Is 50293388 a multiple of 2732?
True
Is 330 a factor of 160581975?
False
Does 2510 divide 5050120?
True
Does 17 divide 438461617?
False
Does 45 divide 139275135?
True
Is 6609745 a multiple of 9?
False
Is 3406195528 a multiple of 248?
False
Does 12 divide 94850616?
True
Is 157590450 a multiple of 3050?
True
Is 374 a factor of 2509720370?
False
Does 968 divide 38800038?
False
Is 44017627 a multiple of 3?
False
Is 112969892 a multiple of 29?
False
Is 7524754 a multiple of 62?
True
Does 14 divide 228932222?
False
Does 87 divide 3163208988?
True
Is 13 a factor of 230951279?
True
Is 323 a factor of 1970895935?
True
Does 6 divide 1767803766?
True
Is 1197958104 a multiple of 126?
True
Does 101 divide 71021988?
True
Is 141 a factor of 8430369?
False
Does 5 divide 41972586?
False
Does 3 divide 26374231?
False
Does 12 divide 1273748?
False
Is 257 a factor of 56704994?
True
Is 133643587 a multiple of 77?
True
Does 12 divide 87688666?
False
Is 65758449 a multiple of 19?
True
Is 12799934 a multiple of 529?
False
Is 33 a factor of 1374082285?
False
Is 127 a factor of 28232538?
False
Is 244 a factor of 1748016?
True
Does 192 divide 18767330?
False
Does 1844 divide 15443500?
True
Is 49296826 a multiple of 2066?
True
Is 169 a factor of 81601184?
False
Does 17 divide 1035301614?
False
Does 194 divide 15582960?
False
Does 226 divide 91803912?
True
Is 256401111 a multiple of 6459?
False
Is 371250054 a multiple of 497?
True
Does 3 divide 10241621?
False
Is 19465692 a multiple of 2862?
False
Is 16 a factor of 220537034?
False
Does 30 divide 53738040?
True
Is 25 a factor of 48274695?
False
Is 326 a factor of 9586682?
True
Is 119225959 a multiple of 2329?
False
Does 405 divide 131488110?
True
Is 51 a factor of 315537459?
True
Does 80 divide 22345312?
False
Is 767 a factor of 1623137918?
False
Is 2112742 a multiple of 6?
False
Does 401 divide 212798618?
False
Does 30 divide 1546690110?
True
Is 39245008 a multiple of 88?
True
Is 928092544 a multiple of 128?
True
Is 1618935632 a multiple of 42?
False
Does 5 divide 634888669?
False
Does 9745 divide 1578712296?
False
Is 2581346702 a multiple of 12903?
False
Is 4494856374 a multiple of 200?
False
Is 204128463 a multiple of 54?
False
Is 30581052 a multiple of 2789?
False
Is 9 a factor of 18310014?
True
Does 45 divide 54197712